lse
Let v = 488 + -225. Is v composite?
False
Let b = -2121 - -4602. Is b a prime number?
False
Let q be 2/5 - (-46)/10. Suppose 0 = -5*s - q*m + 175, -s - 3*m + 53 = 12. Let r = s - 1. Is r a prime number?
True
Let j = -113 + 245. Let z = 243 - j. Is z composite?
True
Let i(u) be the second derivative of 1/2*u**3 + 1/4*u**4 + 0 - 4*u - 2*u**2. Is i(-3) a composite number?
True
Let k(z) be the third derivative of -17*z**4/12 - z**3/2 + 10*z**2. Let f be (-1)/1*-1 + -3. Is k(f) a composite number?
True
Suppose 4*s = 3*k + 2*k + 744, 2*s - k - 378 = 0. Is s composite?
False
Let f be 940/16 - 3/4. Let w be 1/3 - 22/3. Let g = w + f. Is g a composite number?
True
Let h be (-294)/(-35) - 2/5. Let m(b) = -96*b - 17. Let q(j) = 64*j + 11. Let x(p) = h*q(p) + 5*m(p). Is x(5) prime?
True
Let l(o) = 3 + 2*o**2 - 5*o**2 - 27*o + 0. Let m(q) = 2*q**2 + 13*q - 1. Let f(n) = -3*l(n) - 5*m(n). Is f(9) a composite number?
False
Let j(h) = 73*h**2 - 5*h + 7. Let n(a) = -a**2 + a - 1. Let m(c) = j(c) + 6*n(c). Is m(-1) a prime number?
True
Let l(k) = k**2 - 5*k - 7. Let f be l(8). Let u = 50 - f. Is u composite?
True
Is 103851/27 + (-8)/(-12) a prime number?
True
Let h = -149 + 148. Suppose 58 = 5*s + 13. Is s/(-3)*h + 230 a composite number?
False
Suppose -q - 110 = -2*g, 0*g - 4*g = -3*q - 328. Suppose -6*n - 69 = 261. Let l = n - q. Is l a composite number?
False
Let s = -10 - -14. Suppose 0 = 5*v + 4*t - 105, 2*t + 42 = s*v - 2*v. Is v a composite number?
True
Let q = -3267 - -4585. Is q composite?
True
Is -3 - 0 - ((1 - 1253) + -4) a prime number?
False
Let u = -157 - -242. Is u a prime number?
False
Suppose 5*h - 2*h = 4*o + 22, 2 = h - 4*o. Suppose -2*r + h = 3*r. Is ((-47)/r)/(1/(-2)) composite?
False
Suppose 5*s - p - 449 = 0, -s = -0*s - p - 93. Is s a composite number?
False
Suppose -3*k + 10 - 1 = 0. Suppose 7*x = -3*t + 2*x + 89, -k*t - 4*x = -91. Is t a prime number?
False
Let l(r) be the first derivative of -r**4/4 + 8*r**3/3 - 7*r**2/2 - 4*r - 2. Is l(6) composite?
True
Suppose 5*p - 4*i - 676 = 0, 4*p - 5*i = -29 + 577. Let o = 65 - 112. Let j = p + o. Is j a prime number?
False
Suppose 0 = 4*t + t - 15. Suppose -6 = t*x - 3. Let w = 27 + x. Is w prime?
False
Let o(g) = g**2 - g + 4. Let m be o(0). Suppose -4*h - m = -2*h. Is 0 - ((-332)/h)/(-2) a prime number?
True
Let d = 10 + -6. Let i = d - 0. Suppose 0*c + r + 211 = i*c, -c = 4*r - 57. Is c composite?
False
Let h be (-2)/(-6) + (-8)/(-12). Suppose 0 = 3*u - h - 44. Is 5060/u + 1/(-3) a prime number?
True
Let h(b) = b**3 + 3*b**2 - 2*b - 4. Let p be h(-3). Is (-1 + 0)*(-326)/p a prime number?
True
Is (-2)/(-4) - -314*(-1)/(-4) composite?
False
Suppose 1345 + 1365 = 10*k. Is k composite?
False
Let n(w) = -w**3 + 8*w**2 + 8*w + 13. Let r be n(9). Suppose -r*v - 415 = -5*v. Is v prime?
False
Suppose -987 = -5*u + 2*u. Is u prime?
False
Let h = 71 + -36. Is h prime?
False
Let o = -451 + 1008. Is o a prime number?
True
Let p be (-28)/(-6) - (-10)/(-15). Suppose l = -3*c + 71, 4*c = c - p*l + 59. Is c a prime number?
False
Is -3*(-2)/6 - -25 prime?
False
Suppose 3341 = 3*p + 710. Is p prime?
True
Let k(b) = -b**3 - 7*b**2 + 9*b + 4. Let d be k(-8). Is (2 - 2) + (-580)/d a composite number?
True
Suppose -5*y - 163 + 973 = 0. Let g = y - 85. Let j = 156 - g. Is j a composite number?
False
Suppose 0 = -5*m + 1071 + 509. Suppose 0*x - m = -4*x. Is x prime?
True
Let v be (-15)/25 + 56/10. Let c(o) = -7*o - 7 + o**3 + 6*o + 2 + 0*o. Is c(v) a composite number?
True
Let x be (-50)/(-4) + 4/8. Suppose 4*b + 19 = u, -2*u + x = -4*b - 5. Is 3*(-7)/(u - 0) a composite number?
True
Let v(a) = -116*a - 3. Let p(d) = -d**2 - 9*d - 5. Let f be p(-9). Let m be v(f). Suppose 2*t - m = -143. Is t composite?
True
Let j(b) = 7*b**2 - 3*b + 7. Let o(y) = 3*y**2 - y + 3. Let t(d) = 4*j(d) - 9*o(d). Is t(6) a composite number?
False
Suppose o = -o + 106. Suppose 3*l + 8 = o. Let q = l - 5. Is q a composite number?
True
Let o(f) = 24*f**2 + 3*f + 1. Is o(-2) a prime number?
False
Suppose -10 = -5*w + s, 0*w + 4*s - 26 = -2*w. Let x(l) = 3*l**3 + 2*l - 4. Is x(w) composite?
False
Let l = 111 - -950. Is l a prime number?
True
Let t = 146 - -441. Is t a prime number?
True
Let j = 13 - 8. Suppose 0 = j*d - 11 - 1014. Is d a prime number?
False
Let q be (-1 + -1)/(2/(-1)). Suppose 2*x + 2 = -3*b + q, 5*b - x = 20. Suppose 26 + 1 = b*u. Is u a composite number?
True
Suppose 7 = 2*o - 5. Suppose -2 = 4*v + o. Is v/(4/2)*-6 a prime number?
False
Let o be -8*2/(-8)*398. Let a = -95 + o. Is a prime?
True
Let t = 209 + 710. Is t a composite number?
False
Let y = -1748 + 2655. Is y prime?
True
Let b(a) be the third derivative of 17*a**6/120 + a**5/30 - a**4/8 + a**3/6 - 5*a**2. Is b(3) composite?
True
Let d be -149*((5 - 0) + -4). Let o = d - -267. Is o a prime number?
False
Let f = -4 + 7. Suppose -5*s + 252 = 2*k + k, -f*k + 4*s = -279. Is k prime?
True
Suppose 3*u + 2*k - 901 = 0, -u + 6*u + 3*k = 1503. Is u prime?
False
Suppose -7*s + 5*v = -2*s - 35, -2*s - 5*v = -49. Let r(g) = g**2 + 14 + g**2 - 3 - s*g. Is r(9) a composite number?
True
Let v = 55 - 12. Is v composite?
False
Let x = -285 + 666. Is x composite?
True
Suppose -6*w = -w. Suppose -s - 2*y + 83 = w, -160 = -s - s - 2*y. Is s a prime number?
False
Let g be 4 + 2 - (-5 + 2). Suppose -5*w - g = -124. Is w a prime number?
True
Let x(d) = 47*d**2 - 13*d - 13. Is x(12) a composite number?
False
Let o(y) = y + 14. Let s be o(-6). Let v = s + -21. Is (-1)/(v/(-7) + -2) a prime number?
True
Let s(g) = 11*g - 8. Let f(o) = -23*o + 16. Let u(z) = 2*f(z) + 5*s(z). Is u(6) composite?
True
Suppose 7*p = 3*p. Suppose p*c - 12 = -4*c. Is (-38)/3*c/(-2) a composite number?
False
Suppose -5*k = -3*k + 36. Let m = k + 187. Is m prime?
False
Let l be 32/6*6/(-4). Let r(k) = 4*k**2 + 2*k + 2. Let v(j) = 4*j**2 + j + 1. Let b(n) = 4*r(n) - 3*v(n). Is b(l) a composite number?
True
Suppose -k + 13 = -4*h - 3, 0 = 5*h - 4*k + 31. Is (-1148 + h)*(-3 - -2) composite?
False
Let g = -29 - -21. Let b be (-6)/(-8) - 8634/g. Suppose b = 5*j + 25. Is j a prime number?
True
Let d(n) = -579*n**3 + 3*n**2 + n + 1. Is d(-2) prime?
True
Let r be (-39)/(-12) + 3/(-12). Suppose -5*z + r*z = -52. Is z a composite number?
True
Suppose 169 = 4*q - 91. Is q a prime number?
False
Suppose 2*b = j + 2, -28 = 3*j + 2*b - 6. Let d(r) = -39*r - 11. Is d(j) a prime number?
True
Suppose -2*i + 0*i + 697 = 3*b, -2*b - 4*i + 462 = 0. Is b composite?
False
Let p(r) = 2*r**2 - 5*r + 3. Let y(j) = -j - 4 + 2 + 4. Let h be y(6). Is p(h) a composite number?
True
Suppose -5*t - 15 = 0, -3*p + t - 702 = -8*p. Is p a prime number?
False
Let j = -650 - -987. Is j a composite number?
False
Is (152 + -3)/(1/7) a prime number?
False
Let g be 85*((-3)/(-1) + -2). Let j be 4*(g/4)/5. Let b = 4 + j. Is b composite?
True
Let j = -16 - -29. Let a = j + 6. Is a composite?
False
Let s be (-1)/5 + (-130)/(-25). Let c = s + -5. Suppose 0*h - 61 = -3*h + 2*d, d + 2 = c. Is h composite?
False
Suppose 2*k - 42 = 26. Is k a composite number?
True
Let b(z) = 16*z**2 - 8*z + 9. Is b(-5) a composite number?
False
Suppose 2*o + 2*o - 1580 = 0. Suppose 3*c + o = 2*w, c - 360 = -5*w + 670. Is w prime?
False
Suppose s + 2*r = 425, 0 = 5*r + 8 + 7. Is s prime?
True
Let v = 832 - 341. Is v a composite number?
False
Suppose 0 = -n - 4*n + 20. Suppose -2*g - 4 = n*r - 2*r, -8 = -5*r + 4*g. Suppose x = -3*s + 6 + 42, r = -2*x + 6. Is s a prime number?
False
Is (4 - 6)/(3*(-6)/14067) prime?
False
Let x(z) = 10*z + 9. Is x(5) prime?
True
Suppose 5*f - 2844 = -869. Is f composite?
True
Suppose -3*r - r + 2588 = 0. Is r composite?
False
Is 7360/56 + 6/(-14) prime?
True
Let h = -18 + 36. Let t = 41 + h. Is t prime?
True
Let q(c) = 9*c + 10. Let r be q(-8). Let g = -28 - r. Is g prime?
False
Suppose -3*k - 3*j = -4*k + 10, -5*k + 24 = -2*j. Suppose -x = k*x + 20. Is 2/x - 1615/(-10) a composite number?
True
Let c be 189*-3*(-2)/9. Suppose -r - c = -3*w, 0 = -3*w - w - 4. Is 2/5 + r/(-15) composite?
True
Let s(d) = 3*d**2 - 7*d - 3. Is s(9) a composite number?
True
Let v(b) = -4*b**3 + 2*b**2 + b. Let h be v(-1). Suppose -3*g = -m + 21, 3*g + h + 13 = 2*m. Let w(l) = -41*l + 1. Is w(g) prime?
False
Let k be 2*((-3)/(-1) + 0). Is 0 + (-2)/(k/(-537)) a prim